{"id":7,"date":"2019-01-09T19:57:53","date_gmt":"2019-01-09T19:57:53","guid":{"rendered":"http:\/\/wordpress.metallbau-seebach.de\/?page_id=7"},"modified":"2019-03-13T19:52:35","modified_gmt":"2019-03-13T19:52:35","slug":"wir-ueber-uns","status":"publish","type":"page","link":"https:\/\/metallbau-seebach.de\/?page_id=7","title":{"rendered":"Wir \u00fcber uns"},"content":{"rendered":"\n<p>Lieber Besucher,<\/p>\n\n\n\n<p>unsere Firma besteht nun seit Januar 2003. Durch st\u00e4ndig wachsende  Aufgaben und neue Ideen konnten wir nicht nur unseren Kundenstamm,  sondern auch unser Team vergr\u00f6\u00dfern. Hierzu geh\u00f6ren mittlerweile sechs Facharbeiter und ein Auszubildender.<\/p>\n\n\n\n<p>Wir sind zertifiziert nach DIN EN 1090-2 EXC 2.<\/p>\n\n\n\n<p>Wie vielseitig Metallbau sein kann, k\u00f6nnen Sie auch in unserer  Bildergalerie sehen. Neben unserem Angebot an verschiedensten  Standardprodukten und Sonderkonstruktionen bieten wir Ihnen zudem: eine individuelle Beratung \u00fcber Ausf\u00fchrung und Kosten Ihrer W\u00fcnsche<br>&#8211; bei Bedarf die Erstellung pr\u00e4ziser Planungs- und Konstruktionszeichnungen mit modernster CAD-Technik<br>&#8211; die Ausf\u00fchrung s\u00e4mtlicher Montagearbeiten durch unser qualifiziertes Team<br>&#8211; Reparatur- oder Ausbesserungsarbeiten an bestehenden Objekten<br>&#8211; die Pflege und Instandhaltung Ihrer Produkte auch nach der Fertigstellung. Bei all unseren Produkten und Arbeiten achten wir stets auf  qualitativ hochwertige Materialien, saubere Verarbeitung, kosteng\u00fcnstige  Ausf\u00fchrung und die Einhaltung s\u00e4mtlicher Vorschriften.<br>Dabei sichern wir Qualit\u00e4t durch den Einsatz moderner Maschinen und Anlagen.<br>Ob im Wohnungsbau, Gewerbe oder in Industrie &#8211; wir arbeiten f\u00fcr Sie eine geeignete L\u00f6sung aus.<br>Wir w\u00fcrden uns freuen auch Ihr Vertrauen f\u00fcr uns gewinnen zu k\u00f6nnen. <\/p>\n\n\n\n<p>Auf ein pers\u00f6nliches Gespr\u00e4ch mit Ihnen freut sich Ihr<\/p>\n\n\n\n<p>Metallbau-Seebach-Team<\/p>\n","protected":false},"excerpt":{"rendered":"<p>Lieber Besucher, unsere Firma besteht nun seit Januar 2003. Durch st\u00e4ndig wachsende Aufgaben und neue Ideen konnten wir nicht nur unseren Kundenstamm, sondern auch unser Team vergr\u00f6\u00dfern. Hierzu geh\u00f6ren mittlerweile sechs Facharbeiter und ein Auszubildender. Wir sind zertifiziert nach DIN EN 1090-2 EXC 2. Wie vielseitig Metallbau sein kann, k\u00f6nnen Sie auch in unserer Bildergalerie sehen. Neben unserem Angebot an verschiedensten Standardprodukten und Sonderkonstruktionen bieten wir Ihnen zudem: eine individuelle Beratung \u00fcber Ausf\u00fchrung und Kosten Ihrer W\u00fcnsche&#8211; bei Bedarf die Erstellung pr\u00e4ziser Planungs- und Konstruktionszeichnungen mit modernster CAD-Technik&#8211; die Ausf\u00fchrung s\u00e4mtlicher Montagearbeiten durch unser qualifiziertes Team&#8211; Reparatur- oder Ausbesserungsarbeiten an bestehenden Objekten&#8211; die Pflege und Instandhaltung Ihrer Produkte auch nach der Fertigstellung. Bei all unseren Produkten und Arbeiten achten wir stets auf qualitativ hochwertige Materialien, saubere Verarbeitung, kosteng\u00fcnstige Ausf\u00fchrung und die Einhaltung s\u00e4mtlicher Vorschriften.Dabei sichern wir Qualit\u00e4t durch den Einsatz moderner Maschinen und Anlagen.Ob im Wohnungsbau, Gewerbe oder in Industrie &#8211; wir arbeiten f\u00fcr Sie eine geeignete L\u00f6sung aus.Wir w\u00fcrden uns freuen auch Ihr Vertrauen f\u00fcr uns gewinnen zu k\u00f6nnen. Auf ein pers\u00f6nliches Gespr\u00e4ch mit Ihnen freut sich Ihr Metallbau-Seebach-Team<\/p>\n","protected":false},"author":1,"featured_media":0,"parent":0,"menu_order":0,"comment_status":"closed","ping_status":"closed","template":"","meta":{"ngg_post_thumbnail":0,"footnotes":""},"class_list":["post-7","page","type-page","status-publish","hentry"],"acf":[],"_links":{"self":[{"href":"https:\/\/metallbau-seebach.de\/index.php?rest_route=\/wp\/v2\/pages\/7","targetHints":{"allow":["GET"]}}],"collection":[{"href":"https:\/\/metallbau-seebach.de\/index.php?rest_route=\/wp\/v2\/pages"}],"about":[{"href":"https:\/\/metallbau-seebach.de\/index.php?rest_route=\/wp\/v2\/types\/page"}],"author":[{"embeddable":true,"href":"https:\/\/metallbau-seebach.de\/index.php?rest_route=\/wp\/v2\/users\/1"}],"replies":[{"embeddable":true,"href":"https:\/\/metallbau-seebach.de\/index.php?rest_route=%2Fwp%2Fv2%2Fcomments&post=7"}],"version-history":[{"count":19,"href":"https:\/\/metallbau-seebach.de\/index.php?rest_route=\/wp\/v2\/pages\/7\/revisions"}],"predecessor-version":[{"id":521,"href":"https:\/\/metallbau-seebach.de\/index.php?rest_route=\/wp\/v2\/pages\/7\/revisions\/521"}],"wp:attachment":[{"href":"https:\/\/metallbau-seebach.de\/index.php?rest_route=%2Fwp%2Fv2%2Fmedia&parent=7"}],"curies":[{"name":"wp","href":"https:\/\/api.w.org\/{rel}","templated":true}]}}