{"id":22,"date":"2019-01-09T20:01:18","date_gmt":"2019-01-09T20:01:18","guid":{"rendered":"http:\/\/wordpress.metallbau-seebach.de\/?page_id=22"},"modified":"2019-03-13T19:48:46","modified_gmt":"2019-03-13T19:48:46","slug":"startseite","status":"publish","type":"page","link":"https:\/\/metallbau-seebach.de\/","title":{"rendered":"Herzlich willkommen bei Metallbau Seebach"},"content":{"rendered":"\n<p><\/p>\n\n\n\n<p>Sch\u00f6n, dass Sie sich etwas Zeit nehmen unser vielseitiges Angebot kennen zu lernen.<\/p>\n\n\n\n<p>In der Bildergalerie haben wir f\u00fcr Sie eine Auswahl an <\/p>\n\n\n\n<p><strong>Treppen,<\/strong><br><strong>Carports,<\/strong><br><strong>Balkonen,<\/strong><br><strong>Vord\u00e4chern,<\/strong><br><strong>Fenstergittern,<\/strong><br><strong>\u00dcberdachungen,<\/strong><br><strong>Z\u00e4unen und Toren,<\/strong><br><strong>Rolltoren und T\u00fcren,<\/strong><br><strong>Sonderkonstruktionen,<\/strong><br><strong>Regalen und Dekorationen,<\/strong><br><strong>Glas- und Metallkonstruktionen,<\/strong><br><strong>Gel\u00e4ndern f\u00fcr Balkone und Treppen<\/strong><br><strong>und vieles mehr aus unterschiedlichsten Materialien<\/strong><\/p>\n\n\n\n<p>zusammengestellt.<\/p>\n\n\n\n<p>Wir beraten Sie gerne und sind bem\u00fcht, Ihren W\u00fcnschen individuell nachzukommen.<br>Rufen Sie uns an oder senden Sie eine E-Mail. Auf ein pers\u00f6nliches Gespr\u00e4ch freut sich<\/p>\n\n\n\n<p><\/p>\n\n\n\n<p>Ihr Metallbau-Seebach-Team<\/p>\n","protected":false},"excerpt":{"rendered":"<p>Sch\u00f6n, dass Sie sich etwas Zeit nehmen unser vielseitiges Angebot kennen zu lernen. In der Bildergalerie haben wir f\u00fcr Sie eine Auswahl an Treppen,Carports,Balkonen,Vord\u00e4chern,Fenstergittern,\u00dcberdachungen,Z\u00e4unen und Toren,Rolltoren und T\u00fcren,Sonderkonstruktionen,Regalen und Dekorationen,Glas- und Metallkonstruktionen,Gel\u00e4ndern f\u00fcr Balkone und Treppenund vieles mehr aus unterschiedlichsten Materialien zusammengestellt. Wir beraten Sie gerne und sind bem\u00fcht, Ihren W\u00fcnschen individuell nachzukommen.Rufen Sie uns an oder senden Sie eine E-Mail. Auf ein pers\u00f6nliches Gespr\u00e4ch freut sich Ihr Metallbau-Seebach-Team<\/p>\n","protected":false},"author":1,"featured_media":0,"parent":0,"menu_order":0,"comment_status":"closed","ping_status":"closed","template":"","meta":{"ngg_post_thumbnail":0,"footnotes":""},"class_list":["post-22","page","type-page","status-publish","hentry"],"acf":[],"_links":{"self":[{"href":"https:\/\/metallbau-seebach.de\/index.php?rest_route=\/wp\/v2\/pages\/22","targetHints":{"allow":["GET"]}}],"collection":[{"href":"https:\/\/metallbau-seebach.de\/index.php?rest_route=\/wp\/v2\/pages"}],"about":[{"href":"https:\/\/metallbau-seebach.de\/index.php?rest_route=\/wp\/v2\/types\/page"}],"author":[{"embeddable":true,"href":"https:\/\/metallbau-seebach.de\/index.php?rest_route=\/wp\/v2\/users\/1"}],"replies":[{"embeddable":true,"href":"https:\/\/metallbau-seebach.de\/index.php?rest_route=%2Fwp%2Fv2%2Fcomments&post=22"}],"version-history":[{"count":13,"href":"https:\/\/metallbau-seebach.de\/index.php?rest_route=\/wp\/v2\/pages\/22\/revisions"}],"predecessor-version":[{"id":508,"href":"https:\/\/metallbau-seebach.de\/index.php?rest_route=\/wp\/v2\/pages\/22\/revisions\/508"}],"wp:attachment":[{"href":"https:\/\/metallbau-seebach.de\/index.php?rest_route=%2Fwp%2Fv2%2Fmedia&parent=22"}],"curies":[{"name":"wp","href":"https:\/\/api.w.org\/{rel}","templated":true}]}}